147?
3
What is the highest common divisor of 21535349 and 11?
11
What is the greatest common factor of 3255190505 and 6790?
3395
Calculate the greatest common divisor of 52 and 8397194.
26
What is the highest common factor of 603 and 10098?
9
What is the highest common factor of 460526 and 2418194?
346
Calculate the highest common factor of 48 and 15635940.
12
Calculate the greatest common factor of 98208170 and 2135.
305
What is the highest common divisor of 19584 and 71156016?
2448
What is the greatest common factor of 1640 and 15741540?
820
Calculate the highest common factor of 121817 and 187636.
61
What is the greatest common divisor of 8080 and 23612992?
1616
Calculate the greatest common factor of 13673920 and 270.
10
Calculate the greatest common factor of 441 and 106059177.
441
What is the greatest common divisor of 148521112 and 408?
136
Calculate the highest common factor of 1533 and 31591407.
219
Calculate the greatest common factor of 36768 and 4406798.
766
What is the greatest common divisor of 81725934 and 53238?
2802
Calculate the greatest common divisor of 3056058 and 1212.
606
What is the greatest common divisor of 450 and 282770?
10
Calculate the highest common divisor of 18114639 and 2737.
391
What is the highest common divisor of 139443 and 63600?
159
Calculate the highest common factor of 304161 and 57993.
39
What is the highest common factor of 91600 and 241200?
400
Calculate the greatest common divisor of 172460678 and 164.
82
What is the greatest common factor of 12095664 and 16?
16
What is the greatest common divisor of 5805 and 173849?
43
Calculate the greatest common factor of 45469 and 65376659.
1109
Calculate the highest common factor of 1066644757 and 69.
23
Calculate the highest common factor of 380566942 and 86.
86
What is the greatest common factor of 151950708 and 9828?
9828
Calculate the highest common divisor of 26695080 and 48.
24
Calculate the highest common divisor of 5526 and 803106.
18
Calculate the highest common factor of 33759031 and 31.
31
Calculate the greatest common divisor of 721 and 46350.
103
What is the greatest common divisor of 81190996 and 376?
188
What is the greatest common factor of 8 and 460634?
2
Calculate the highest common factor of 133663868 and 13.
13
Calculate the highest common factor of 537 and 928457427.
537
What is the highest common divisor of 6924 and 11670402?
3462
Calculate the greatest common divisor of 15484 and 3249680.
196
Calculate the greatest common factor of 43297 and 19409.
1493
Calculate the highest common divisor of 193478612 and 49289.
2143
Calculate the highest common factor of 4 and 507152286.
2
Calculate the highest common divisor of 12896496 and 1395.
279
Calculate the highest common divisor of 8082726 and 4110.
822
Calculate the greatest common factor of 37009336 and 29029.
2639
Calculate the greatest common divisor of 150809 and 242935.
631
What is the highest common divisor of 232 and 308344?
8
What is the highest common factor of 36 and 204985062?
18
Calculate the greatest common factor of 16229706 and 337740.
2598
What is the greatest common factor of 978730 and 1067?
97
Calculate the highest common factor of 175 and 163175.
25
What is the highest common factor of 1 and 12060429?
1
Calculate the highest common factor of 38040 and 163145952.
7608
Calculate the highest common factor of 27709 and 78776.
229
Calculate the highest common factor of 169354 and 4114.
34
Calculate the greatest common factor of 6224190 and 5530.
70
What is the highest common divisor of 736 and 150860128?
736
Calculate the greatest common divisor of 1803 and 7362851.
601
What is the highest common divisor of 3 and 15303756?
3
What is the greatest common factor of 34927 and 1347419?
53
Calculate the greatest common divisor of 9299943 and 526.
263
What is the greatest common factor of 209 and 56949442?
11
What is the greatest common factor of 333 and 132996648?
111
Calculate the greatest common divisor of 10 and 158809810.
10
What is the highest common divisor of 32035085 and 40?
5
Calculate the greatest common factor of 783485 and 82715.
355
Calculate the highest common divisor of 2727 and 28798433.
101
Calculate the highest common divisor of 14928 and 19524.
12
What is the greatest common factor of 364 and 17913766?
26
Calculate the highest common factor of 1854087803 and 7611.
2537
What is the highest common divisor of 1585216 and 1579388?
5828
What is the highest common factor of 626912 and 89324?
548
Calculate the greatest common divisor of 57858051 and 1005.
201
What is the greatest common factor of 858371 and 69571?
29
What is the greatest common divisor of 74866 and 258874?
902
Calculate the highest common factor of 1281 and 2192904.
21
Calculate the highest common divisor of 244341 and 612.
153
Calculate the greatest common divisor of 287958 and 2486.
22
What is the greatest common factor of 45 and 25287120?
45
What is the highest common factor of 1644 and 7581306?
822
Calculate the greatest common factor of 281402620 and 20.
20
Calculate the highest common divisor of 34339 and 244852.
1493
Calculate the highest common divisor of 333 and 28079263.
37
What is the highest common factor of 1694 and 260442?
14
What is the greatest common divisor of 3255 and 159705?
105
What is the greatest common divisor of 3535 and 3059?
7
Calculate the highest common divisor of 6074 and 195702.
2
Calculate the greatest common divisor of 42660 and 1055052.
108
What is the greatest common divisor of 2214 and 119840499?
1107
What is the highest common factor of 487560 and 12478?
34
What is the greatest common divisor of 59943665 and 685?
685
What is the greatest common factor of 201154 and 6?
2
What is the greatest common divisor of 11076 and 32326229?
923
What is the greatest common divisor of 12033 and 744525831?
4011
Calculate the highest common factor of 754052 and 130832.
884
Calculate the greatest common factor of 7652526 and 2254.
98
Calculate the greatest common divisor of 1384473 and 3632.
227
What is the highest common divisor of 1792756 and 9604?
28
Calculate the greatest common factor of 42785022 and 3162.
3162
What is the greatest common factor of 14518 and 3990742?
854
What is the highest common factor of 182 and 1101506?
14
Calculate the greatest common divisor of 195261 and 929454.
291
What is the highest common factor of 19970600 and 175?
25
What is the highest common factor of 548 and 109217?
1
Calculate the greatest common divisor of 221 and 597454.
13
What is the greatest common factor of 534 and 3717886?
178
What is the highest common divisor of 17057525 and 146240?
2285
Calculate the highest common factor of 98427670 and 73430.
10490
What is the greatest common factor of 2196 and 4627521?
549
Calculate the highest common factor of 48000 and 683840.
320
What is the highest common divisor of 229266 and 48222?
846
What is the greatest common divisor of 1770 and 36410080?
590
What is the highest common factor of 232960 and 409500000?
14560
Calculate the highest common divisor of 9496506 and 1734.
102
What is the highest common factor of 195462939 and 42?
21
What is the highest common factor of 18854 and 53394?
22
Calculate the greatest common divisor of 1722 and 5162010.
42
Calculate the greatest common divisor of 278502 and 67706.
698
Calculate the highest common divisor of 42204565 and 790.
395
What is the highest common factor of 6690 and 5309630?
2230
What is the greatest common divisor of 557199 and 219915?
243
Calculate the greatest common factor of 304973406 and 18.
18
Calculate the highest common divisor of 381 and 479032189.
127
Calculate the greatest common divisor of 5934995 and 5307.
1769
Calculate the greatest common factor of 1398730 and 1342.
122
What is the greatest common divisor of 195790824 and 2313?
2313
Calculate the greatest common factor of 11269 and 16993.
1
What is the highest common factor of 1487 and 710?
1
Calculate the greatest common divisor of 366580 and 250.
10
What is the greatest common divisor of 78 and 104417028?
6
What is the greatest common factor of 101219874 and 210?
42
Calculate the greatest common divisor of 532695 and 84507.
51
What is the greatest common divisor of 72 and 1956276?
36
What is the greatest common divisor of 496 